{"id":39,"date":"2024-03-16T19:39:11","date_gmt":"2024-03-16T22:39:11","guid":{"rendered":"https:\/\/yesmarketingesolucoes.com.br\/?page_id=39"},"modified":"2024-03-19T20:26:12","modified_gmt":"2024-03-19T23:26:12","slug":"foto-e-video","status":"publish","type":"page","link":"https:\/\/yesmarketingesolucoes.com.br\/index.php\/foto-e-video\/","title":{"rendered":"Foto e V\u00eddeo"},"content":{"rendered":"\t\t<div data-elementor-type=\"wp-page\" data-elementor-id=\"39\" class=\"elementor elementor-39\" data-elementor-post-type=\"page\">\n\t\t\t\t\t\t<section class=\"elementor-section elementor-top-section elementor-element elementor-element-279dc71d elementor-section-height-min-height elementor-section-boxed elementor-section-height-default elementor-section-items-middle\" data-id=\"279dc71d\" data-element_type=\"section\" data-settings=\"{&quot;background_background&quot;:&quot;classic&quot;}\">\n\t\t\t\t\t\t\t<div class=\"elementor-background-overlay\"><\/div>\n\t\t\t\t\t\t\t<div class=\"elementor-container elementor-column-gap-default\">\n\t\t\t\t\t<div class=\"elementor-column elementor-col-100 elementor-top-column elementor-element elementor-element-d540093\" data-id=\"d540093\" data-element_type=\"column\">\n\t\t\t<div class=\"elementor-widget-wrap elementor-element-populated\">\n\t\t\t\t\t\t<div class=\"elementor-element elementor-element-2d4bc3a elementor-widget elementor-widget-heading\" data-id=\"2d4bc3a\" data-element_type=\"widget\" data-widget_type=\"heading.default\">\n\t\t\t\t<div class=\"elementor-widget-container\">\n\t\t\t<style>\/*! elementor - v3.20.0 - 13-03-2024 *\/\n.elementor-heading-title{padding:0;margin:0;line-height:1}.elementor-widget-heading .elementor-heading-title[class*=elementor-size-]>a{color:inherit;font-size:inherit;line-height:inherit}.elementor-widget-heading .elementor-heading-title.elementor-size-small{font-size:15px}.elementor-widget-heading .elementor-heading-title.elementor-size-medium{font-size:19px}.elementor-widget-heading .elementor-heading-title.elementor-size-large{font-size:29px}.elementor-widget-heading .elementor-heading-title.elementor-size-xl{font-size:39px}.elementor-widget-heading .elementor-heading-title.elementor-size-xxl{font-size:59px}<\/style><h2 class=\"elementor-heading-title elementor-size-default\">FOTO E V\u00cdDEO<\/h2>\t\t<\/div>\n\t\t\t\t<\/div>\n\t\t\t\t\t<\/div>\n\t\t<\/div>\n\t\t\t\t\t<\/div>\n\t\t<\/section>\n\t\t\t\t<section class=\"elementor-section elementor-top-section elementor-element elementor-element-40b4c652 elementor-section-boxed elementor-section-height-default elementor-section-height-default\" data-id=\"40b4c652\" data-element_type=\"section\">\n\t\t\t\t\t\t<div class=\"elementor-container elementor-column-gap-default\">\n\t\t\t\t\t<div class=\"elementor-column elementor-col-100 elementor-top-column elementor-element elementor-element-659948c animated-slow elementor-invisible\" data-id=\"659948c\" data-element_type=\"column\" data-settings=\"{&quot;animation&quot;:&quot;fadeIn&quot;}\">\n\t\t\t<div class=\"elementor-widget-wrap elementor-element-populated\">\n\t\t\t\t\t\t<div class=\"elementor-element elementor-element-24b789dd elementor-widget elementor-widget-heading\" data-id=\"24b789dd\" data-element_type=\"widget\" data-widget_type=\"heading.default\">\n\t\t\t\t<div class=\"elementor-widget-container\">\n\t\t\t<h2 class=\"elementor-heading-title elementor-size-default\">FOTO &<\/h2>\t\t<\/div>\n\t\t\t\t<\/div>\n\t\t\t\t<div class=\"elementor-element elementor-element-131d84f8 elementor-widget elementor-widget-heading\" data-id=\"131d84f8\" data-element_type=\"widget\" data-widget_type=\"heading.default\">\n\t\t\t\t<div class=\"elementor-widget-container\">\n\t\t\t<h2 class=\"elementor-heading-title elementor-size-default\">V\u00cdDEO<\/h2>\t\t<\/div>\n\t\t\t\t<\/div>\n\t\t\t\t<div class=\"elementor-element elementor-element-b76f956 elementor-widget elementor-widget-text-editor\" data-id=\"b76f956\" data-element_type=\"widget\" data-widget_type=\"text-editor.default\">\n\t\t\t\t<div class=\"elementor-widget-container\">\n\t\t\t<style>\/*! elementor - v3.20.0 - 13-03-2024 *\/\n.elementor-widget-text-editor.elementor-drop-cap-view-stacked .elementor-drop-cap{background-color:#69727d;color:#fff}.elementor-widget-text-editor.elementor-drop-cap-view-framed .elementor-drop-cap{color:#69727d;border:3px solid;background-color:transparent}.elementor-widget-text-editor:not(.elementor-drop-cap-view-default) .elementor-drop-cap{margin-top:8px}.elementor-widget-text-editor:not(.elementor-drop-cap-view-default) .elementor-drop-cap-letter{width:1em;height:1em}.elementor-widget-text-editor .elementor-drop-cap{float:left;text-align:center;line-height:1;font-size:50px}.elementor-widget-text-editor .elementor-drop-cap-letter{display:inline-block}<\/style>\t\t\t\t<p>Nossa equipe de especialistas em foto e v\u00eddeo est\u00e1 pronta para dar vida \u00e0 sua marca! Oferecemos servi\u00e7os abrangentes que incluem produ\u00e7\u00e3o de v\u00eddeos promocionais, fotografias de produtos, cobertura de eventos e muito mais. Com uma abordagem minimalista e foco na qualidade, garantimos que suas imagens se destaquem e cativem seu p\u00fablico-alvo.<\/p><p><strong>Deixe-nos contar a hist\u00f3ria da sua marca de uma forma visualmente impactante e memor\u00e1vel.<\/strong><\/p>\t\t\t\t\t\t<\/div>\n\t\t\t\t<\/div>\n\t\t\t\t<section class=\"elementor-section elementor-inner-section elementor-element elementor-element-3290b701 elementor-section-boxed elementor-section-height-default elementor-section-height-default\" data-id=\"3290b701\" data-element_type=\"section\">\n\t\t\t\t\t\t<div class=\"elementor-container elementor-column-gap-default\">\n\t\t\t\t\t<div class=\"elementor-column elementor-col-33 elementor-inner-column elementor-element elementor-element-5cb79abe\" data-id=\"5cb79abe\" data-element_type=\"column\">\n\t\t\t<div class=\"elementor-widget-wrap elementor-element-populated\">\n\t\t\t\t\t\t<div class=\"elementor-element elementor-element-3da6c812 ekit-image-accordion-hover ekit-image-accordion-horizontal elementor-widget elementor-widget-elementskit-image-accordion\" data-id=\"3da6c812\" data-element_type=\"widget\" data-widget_type=\"elementskit-image-accordion.default\">\n\t\t\t\t<div class=\"elementor-widget-container\">\n\t\t\t<div class=\"ekit-wid-con\" >        <div class=\"ekit-image-accordion elementskit-image-accordion-wraper\">\n                            <input type=\"radio\" name=\"ekit_ia_3da6c812\" id=\"ekit_ia_3da6c812_0\" class=\"elementskit-single-image-accordion--input\"  hidden>\n                <label for=\"ekit_ia_3da6c812_0\" class=\"elementskit-single-image-accordion ekit-image-accordion-item\" style=\"background-image: url(https:\/\/yesmarketingesolucoes.com.br\/wp-content\/uploads\/2024\/03\/2-5.png)\" >\n                    <span class=\"elementskit-accordion-content\">\n                                            <span class=\"elementskit-icon-wraper ekit-image-accordion-actions\">\n                                                        <a data-elementor-open-lightbox=\"yes\" data-elementor-lightbox-slideshow=\"3da6c812\" data-elementor-lightbox-title=\"2\" data-e-action-hash=\"#elementor-action%3Aaction%3Dlightbox%26settings%3DeyJpZCI6MzkzLCJ1cmwiOiJodHRwczpcL1wveWVzbWFya2V0aW5nZXNvbHVjb2VzLmNvbS5iclwvd3AtY29udGVudFwvdXBsb2Fkc1wvMjAyNFwvMDNcLzItNS5wbmciLCJzbGlkZXNob3ciOiIzZGE2YzgxMiJ9\" href=\"https:\/\/yesmarketingesolucoes.com.br\/wp-content\/uploads\/2024\/03\/2-5.png\" aria-label=\"pupup-button\" class=\"icon-outline circle\">\n                                <i aria-hidden=\"true\" class=\"icon icon-plus\"><\/i>                                <\/a>\n                                                                        <\/span>\n                                                <span class=\"elementskit-accordion-title-wraper\">\n                            <span class=\"elementskit-accordion-title \">\n                            \n                            Alimentos\n                                                        <\/span>\n                        <\/span>\n                                            <\/span>\n                <\/label>\n                    <\/div>\n    <\/div>\t\t<\/div>\n\t\t\t\t<\/div>\n\t\t\t\t\t<\/div>\n\t\t<\/div>\n\t\t\t\t<div class=\"elementor-column elementor-col-33 elementor-inner-column elementor-element elementor-element-613583ca\" data-id=\"613583ca\" data-element_type=\"column\">\n\t\t\t<div class=\"elementor-widget-wrap elementor-element-populated\">\n\t\t\t\t\t\t<div class=\"elementor-element elementor-element-7159b8d3 ekit-image-accordion-hover ekit-image-accordion-horizontal elementor-widget elementor-widget-elementskit-image-accordion\" data-id=\"7159b8d3\" data-element_type=\"widget\" data-widget_type=\"elementskit-image-accordion.default\">\n\t\t\t\t<div class=\"elementor-widget-container\">\n\t\t\t<div class=\"ekit-wid-con\" >        <div class=\"ekit-image-accordion elementskit-image-accordion-wraper\">\n                            <input type=\"radio\" name=\"ekit_ia_7159b8d3\" id=\"ekit_ia_7159b8d3_0\" class=\"elementskit-single-image-accordion--input\"  hidden>\n                <label for=\"ekit_ia_7159b8d3_0\" class=\"elementskit-single-image-accordion ekit-image-accordion-item\" style=\"background-image: url(https:\/\/yesmarketingesolucoes.com.br\/wp-content\/uploads\/2024\/03\/3-5.png)\" >\n                    <span class=\"elementskit-accordion-content\">\n                                            <span class=\"elementskit-icon-wraper ekit-image-accordion-actions\">\n                                                        <a data-elementor-open-lightbox=\"yes\" data-elementor-lightbox-slideshow=\"7159b8d3\" data-elementor-lightbox-title=\"3\" data-e-action-hash=\"#elementor-action%3Aaction%3Dlightbox%26settings%3DeyJpZCI6Mzk0LCJ1cmwiOiJodHRwczpcL1wveWVzbWFya2V0aW5nZXNvbHVjb2VzLmNvbS5iclwvd3AtY29udGVudFwvdXBsb2Fkc1wvMjAyNFwvMDNcLzMtNS5wbmciLCJzbGlkZXNob3ciOiI3MTU5YjhkMyJ9\" href=\"https:\/\/yesmarketingesolucoes.com.br\/wp-content\/uploads\/2024\/03\/3-5.png\" aria-label=\"pupup-button\" class=\"icon-outline circle\">\n                                <i aria-hidden=\"true\" class=\"icon icon-plus\"><\/i>                                <\/a>\n                                                                        <\/span>\n                                                <span class=\"elementskit-accordion-title-wraper\">\n                            <span class=\"elementskit-accordion-title \">\n                            \n                            Produtos\n                                                        <\/span>\n                        <\/span>\n                                            <\/span>\n                <\/label>\n                    <\/div>\n    <\/div>\t\t<\/div>\n\t\t\t\t<\/div>\n\t\t\t\t\t<\/div>\n\t\t<\/div>\n\t\t\t\t<div class=\"elementor-column elementor-col-33 elementor-inner-column elementor-element elementor-element-27be16fa\" data-id=\"27be16fa\" data-element_type=\"column\">\n\t\t\t<div class=\"elementor-widget-wrap elementor-element-populated\">\n\t\t\t\t\t\t<div class=\"elementor-element elementor-element-66a0b3da ekit-image-accordion-hover ekit-image-accordion-horizontal elementor-widget elementor-widget-elementskit-image-accordion\" data-id=\"66a0b3da\" data-element_type=\"widget\" data-widget_type=\"elementskit-image-accordion.default\">\n\t\t\t\t<div class=\"elementor-widget-container\">\n\t\t\t<div class=\"ekit-wid-con\" >        <div class=\"ekit-image-accordion elementskit-image-accordion-wraper\">\n                            <input type=\"radio\" name=\"ekit_ia_66a0b3da\" id=\"ekit_ia_66a0b3da_0\" class=\"elementskit-single-image-accordion--input\"  hidden>\n                <label for=\"ekit_ia_66a0b3da_0\" class=\"elementskit-single-image-accordion ekit-image-accordion-item\" style=\"background-image: url(https:\/\/yesmarketingesolucoes.com.br\/wp-content\/uploads\/2024\/03\/5-2.png)\" >\n                    <span class=\"elementskit-accordion-content\">\n                                            <span class=\"elementskit-icon-wraper ekit-image-accordion-actions\">\n                                                        <a data-elementor-open-lightbox=\"yes\" data-elementor-lightbox-slideshow=\"66a0b3da\" data-elementor-lightbox-title=\"5\" data-e-action-hash=\"#elementor-action%3Aaction%3Dlightbox%26settings%3DeyJpZCI6Mzg4LCJ1cmwiOiJodHRwczpcL1wveWVzbWFya2V0aW5nZXNvbHVjb2VzLmNvbS5iclwvd3AtY29udGVudFwvdXBsb2Fkc1wvMjAyNFwvMDNcLzUtMi5wbmciLCJzbGlkZXNob3ciOiI2NmEwYjNkYSJ9\" href=\"https:\/\/yesmarketingesolucoes.com.br\/wp-content\/uploads\/2024\/03\/5-2.png\" aria-label=\"pupup-button\" class=\"icon-outline circle\">\n                                <i aria-hidden=\"true\" class=\"icon icon-plus\"><\/i>                                <\/a>\n                                                                        <\/span>\n                                                <span class=\"elementskit-accordion-title-wraper\">\n                            <span class=\"elementskit-accordion-title \">\n                            \n                            Objetos\n                                                        <\/span>\n                        <\/span>\n                                            <\/span>\n                <\/label>\n                    <\/div>\n    <\/div>\t\t<\/div>\n\t\t\t\t<\/div>\n\t\t\t\t\t<\/div>\n\t\t<\/div>\n\t\t\t\t\t<\/div>\n\t\t<\/section>\n\t\t\t\t<section class=\"elementor-section elementor-inner-section elementor-element elementor-element-247e20c3 elementor-section-boxed elementor-section-height-default elementor-section-height-default\" data-id=\"247e20c3\" data-element_type=\"section\">\n\t\t\t\t\t\t<div class=\"elementor-container elementor-column-gap-default\">\n\t\t\t\t\t<div class=\"elementor-column elementor-col-33 elementor-inner-column elementor-element elementor-element-2cbb7024\" data-id=\"2cbb7024\" data-element_type=\"column\">\n\t\t\t<div class=\"elementor-widget-wrap elementor-element-populated\">\n\t\t\t\t\t\t<div class=\"elementor-element elementor-element-3290de8b ekit-image-accordion-hover ekit-image-accordion-horizontal elementor-widget elementor-widget-elementskit-image-accordion\" data-id=\"3290de8b\" data-element_type=\"widget\" data-widget_type=\"elementskit-image-accordion.default\">\n\t\t\t\t<div class=\"elementor-widget-container\">\n\t\t\t<div class=\"ekit-wid-con\" >        <div class=\"ekit-image-accordion elementskit-image-accordion-wraper\">\n                            <input type=\"radio\" name=\"ekit_ia_3290de8b\" id=\"ekit_ia_3290de8b_0\" class=\"elementskit-single-image-accordion--input\"  hidden>\n                <label for=\"ekit_ia_3290de8b_0\" class=\"elementskit-single-image-accordion ekit-image-accordion-item\" style=\"background-image: url(https:\/\/yesmarketingesolucoes.com.br\/wp-content\/uploads\/2024\/03\/7-2.png)\" >\n                    <span class=\"elementskit-accordion-content\">\n                                            <span class=\"elementskit-icon-wraper ekit-image-accordion-actions\">\n                                                        <a data-elementor-open-lightbox=\"yes\" data-elementor-lightbox-slideshow=\"3290de8b\" data-elementor-lightbox-title=\"7\" data-e-action-hash=\"#elementor-action%3Aaction%3Dlightbox%26settings%3DeyJpZCI6MzkwLCJ1cmwiOiJodHRwczpcL1wveWVzbWFya2V0aW5nZXNvbHVjb2VzLmNvbS5iclwvd3AtY29udGVudFwvdXBsb2Fkc1wvMjAyNFwvMDNcLzctMi5wbmciLCJzbGlkZXNob3ciOiIzMjkwZGU4YiJ9\" href=\"https:\/\/yesmarketingesolucoes.com.br\/wp-content\/uploads\/2024\/03\/7-2.png\" aria-label=\"pupup-button\" class=\"icon-outline circle\">\n                                <i aria-hidden=\"true\" class=\"icon icon-plus\"><\/i>                                <\/a>\n                                                                        <\/span>\n                                                <span class=\"elementskit-accordion-title-wraper\">\n                            <span class=\"elementskit-accordion-title \">\n                            \n                            Cosm\u00e9ticos\n                                                        <\/span>\n                        <\/span>\n                                            <\/span>\n                <\/label>\n                    <\/div>\n    <\/div>\t\t<\/div>\n\t\t\t\t<\/div>\n\t\t\t\t\t<\/div>\n\t\t<\/div>\n\t\t\t\t<div class=\"elementor-column elementor-col-33 elementor-inner-column elementor-element elementor-element-5a15c11f\" data-id=\"5a15c11f\" data-element_type=\"column\">\n\t\t\t<div class=\"elementor-widget-wrap elementor-element-populated\">\n\t\t\t\t\t\t<div class=\"elementor-element elementor-element-76153a8c ekit-image-accordion-hover ekit-image-accordion-horizontal elementor-widget elementor-widget-elementskit-image-accordion\" data-id=\"76153a8c\" data-element_type=\"widget\" data-widget_type=\"elementskit-image-accordion.default\">\n\t\t\t\t<div class=\"elementor-widget-container\">\n\t\t\t<div class=\"ekit-wid-con\" >        <div class=\"ekit-image-accordion elementskit-image-accordion-wraper\">\n                            <input type=\"radio\" name=\"ekit_ia_76153a8c\" id=\"ekit_ia_76153a8c_0\" class=\"elementskit-single-image-accordion--input\"  hidden>\n                <label for=\"ekit_ia_76153a8c_0\" class=\"elementskit-single-image-accordion ekit-image-accordion-item\" style=\"background-image: url(https:\/\/yesmarketingesolucoes.com.br\/wp-content\/uploads\/2024\/03\/8-2.png)\" >\n                    <span class=\"elementskit-accordion-content\">\n                                            <span class=\"elementskit-icon-wraper ekit-image-accordion-actions\">\n                                                        <a data-elementor-open-lightbox=\"yes\" data-elementor-lightbox-slideshow=\"76153a8c\" data-elementor-lightbox-title=\"8\" data-e-action-hash=\"#elementor-action%3Aaction%3Dlightbox%26settings%3DeyJpZCI6MzkxLCJ1cmwiOiJodHRwczpcL1wveWVzbWFya2V0aW5nZXNvbHVjb2VzLmNvbS5iclwvd3AtY29udGVudFwvdXBsb2Fkc1wvMjAyNFwvMDNcLzgtMi5wbmciLCJzbGlkZXNob3ciOiI3NjE1M2E4YyJ9\" href=\"https:\/\/yesmarketingesolucoes.com.br\/wp-content\/uploads\/2024\/03\/8-2.png\" aria-label=\"pupup-button\" class=\"icon-outline circle\">\n                                <i aria-hidden=\"true\" class=\"icon icon-plus\"><\/i>                                <\/a>\n                                                                        <\/span>\n                                                <span class=\"elementskit-accordion-title-wraper\">\n                            <span class=\"elementskit-accordion-title \">\n                            \n                            Pessoas\n                                                        <\/span>\n                        <\/span>\n                                            <\/span>\n                <\/label>\n                    <\/div>\n    <\/div>\t\t<\/div>\n\t\t\t\t<\/div>\n\t\t\t\t\t<\/div>\n\t\t<\/div>\n\t\t\t\t<div class=\"elementor-column elementor-col-33 elementor-inner-column elementor-element elementor-element-3fdd82fd\" data-id=\"3fdd82fd\" data-element_type=\"column\">\n\t\t\t<div class=\"elementor-widget-wrap elementor-element-populated\">\n\t\t\t\t\t\t<div class=\"elementor-element elementor-element-5195d7dd ekit-image-accordion-hover ekit-image-accordion-horizontal elementor-widget elementor-widget-elementskit-image-accordion\" data-id=\"5195d7dd\" data-element_type=\"widget\" data-widget_type=\"elementskit-image-accordion.default\">\n\t\t\t\t<div class=\"elementor-widget-container\">\n\t\t\t<div class=\"ekit-wid-con\" >        <div class=\"ekit-image-accordion elementskit-image-accordion-wraper\">\n                            <input type=\"radio\" name=\"ekit_ia_5195d7dd\" id=\"ekit_ia_5195d7dd_0\" class=\"elementskit-single-image-accordion--input\"  hidden>\n                <label for=\"ekit_ia_5195d7dd_0\" class=\"elementskit-single-image-accordion ekit-image-accordion-item\" style=\"background-image: url(https:\/\/yesmarketingesolucoes.com.br\/wp-content\/uploads\/2024\/03\/12-1.png)\" >\n                    <span class=\"elementskit-accordion-content\">\n                                            <span class=\"elementskit-icon-wraper ekit-image-accordion-actions\">\n                                                        <a data-elementor-open-lightbox=\"yes\" data-elementor-lightbox-slideshow=\"5195d7dd\" data-elementor-lightbox-title=\"12\" data-e-action-hash=\"#elementor-action%3Aaction%3Dlightbox%26settings%3DeyJpZCI6MTkyLCJ1cmwiOiJodHRwczpcL1wveWVzbWFya2V0aW5nZXNvbHVjb2VzLmNvbS5iclwvd3AtY29udGVudFwvdXBsb2Fkc1wvMjAyNFwvMDNcLzEyLTEucG5nIiwic2xpZGVzaG93IjoiNTE5NWQ3ZGQifQ%3D%3D\" href=\"https:\/\/yesmarketingesolucoes.com.br\/wp-content\/uploads\/2024\/03\/12-1.png\" aria-label=\"pupup-button\" class=\"icon-outline circle\">\n                                <i aria-hidden=\"true\" class=\"icon icon-plus\"><\/i>                                <\/a>\n                                                                        <\/span>\n                                                <span class=\"elementskit-accordion-title-wraper\">\n                            <span class=\"elementskit-accordion-title \">\n                            \n                            Evento\n                                                        <\/span>\n                        <\/span>\n                                            <\/span>\n                <\/label>\n                    <\/div>\n    <\/div>\t\t<\/div>\n\t\t\t\t<\/div>\n\t\t\t\t\t<\/div>\n\t\t<\/div>\n\t\t\t\t\t<\/div>\n\t\t<\/section>\n\t\t\t\t\t<\/div>\n\t\t<\/div>\n\t\t\t\t\t<\/div>\n\t\t<\/section>\n\t\t\t\t<section class=\"elementor-section elementor-top-section elementor-element elementor-element-32797d1 elementor-section-boxed elementor-section-height-default elementor-section-height-default\" data-id=\"32797d1\" data-element_type=\"section\">\n\t\t\t\t\t\t<div class=\"elementor-container elementor-column-gap-default\">\n\t\t\t\t\t<div class=\"elementor-column elementor-col-100 elementor-top-column elementor-element elementor-element-cb28ad0 animated-slow elementor-invisible\" data-id=\"cb28ad0\" data-element_type=\"column\" data-settings=\"{&quot;animation&quot;:&quot;fadeIn&quot;}\">\n\t\t\t<div class=\"elementor-widget-wrap elementor-element-populated\">\n\t\t\t\t\t\t<div class=\"elementor-element elementor-element-9e4daec elementor-widget elementor-widget-heading\" data-id=\"9e4daec\" data-element_type=\"widget\" data-widget_type=\"heading.default\">\n\t\t\t\t<div class=\"elementor-widget-container\">\n\t\t\t<h2 class=\"elementor-heading-title elementor-size-default\">PRINCIPAIS<\/h2>\t\t<\/div>\n\t\t\t\t<\/div>\n\t\t\t\t<div class=\"elementor-element elementor-element-93a5a98 elementor-widget elementor-widget-heading\" data-id=\"93a5a98\" data-element_type=\"widget\" data-widget_type=\"heading.default\">\n\t\t\t\t<div class=\"elementor-widget-container\">\n\t\t\t<h2 class=\"elementor-heading-title elementor-size-default\">SERVI\u00c7OS<\/h2>\t\t<\/div>\n\t\t\t\t<\/div>\n\t\t\t\t<div class=\"elementor-element elementor-element-7838d2e elementor-widget elementor-widget-text-editor\" data-id=\"7838d2e\" data-element_type=\"widget\" data-widget_type=\"text-editor.default\">\n\t\t\t\t<div class=\"elementor-widget-container\">\n\t\t\t\t\t\t\t<ul><li>Produ\u00e7\u00e3o de V\u00eddeos Promocionais<\/li>\n<li>Fotografia de Produtos<\/li>\n<li>Cobertura de Eventos<\/li>\n<li>Edi\u00e7\u00e3o de V\u00eddeo Profissional<\/li>\n<li>Conte\u00fado Visual para Redes Sociais<\/li>\n<\/ul>\t\t\t\t\t\t<\/div>\n\t\t\t\t<\/div>\n\t\t\t\t\t<\/div>\n\t\t<\/div>\n\t\t\t\t\t<\/div>\n\t\t<\/section>\n\t\t\t\t<section class=\"elementor-section elementor-top-section elementor-element elementor-element-1cdaa10a elementor-section-boxed elementor-section-height-default elementor-section-height-default\" data-id=\"1cdaa10a\" data-element_type=\"section\">\n\t\t\t\t\t\t<div class=\"elementor-container elementor-column-gap-default\">\n\t\t\t\t\t<div class=\"elementor-column elementor-col-100 elementor-top-column elementor-element elementor-element-3f831e2e\" data-id=\"3f831e2e\" data-element_type=\"column\" data-settings=\"{&quot;background_background&quot;:&quot;classic&quot;}\">\n\t\t\t<div class=\"elementor-widget-wrap elementor-element-populated\">\n\t\t\t\t\t<div class=\"elementor-background-overlay\"><\/div>\n\t\t\t\t\t\t<div class=\"elementor-element elementor-element-454dbdaa elementor-widget elementor-widget-heading\" data-id=\"454dbdaa\" data-element_type=\"widget\" data-widget_type=\"heading.default\">\n\t\t\t\t<div class=\"elementor-widget-container\">\n\t\t\t<h2 class=\"elementor-heading-title elementor-size-default\">Deixe-nos contar a hist\u00f3ria da sua marca de uma forma visualmente impactante e memor\u00e1vel.<\/h2>\t\t<\/div>\n\t\t\t\t<\/div>\n\t\t\t\t<div class=\"elementor-element elementor-element-22c87377 elementor-align-right elementor-widget elementor-widget-button\" data-id=\"22c87377\" data-element_type=\"widget\" data-widget_type=\"button.default\">\n\t\t\t\t<div class=\"elementor-widget-container\">\n\t\t\t\t\t<div class=\"elementor-button-wrapper\">\n\t\t\t<a class=\"elementor-button elementor-button-link elementor-size-md elementor-animation-shrink\" href=\"#\">\n\t\t\t\t\t\t<span class=\"elementor-button-content-wrapper\">\n\t\t\t\t\t\t<span class=\"elementor-button-text\">Fale Conosco agora!<\/span>\n\t\t<\/span>\n\t\t\t\t\t<\/a>\n\t\t<\/div>\n\t\t\t\t<\/div>\n\t\t\t\t<\/div>\n\t\t\t\t\t<\/div>\n\t\t<\/div>\n\t\t\t\t\t<\/div>\n\t\t<\/section>\n\t\t\t\t<\/div>\n\t\t","protected":false},"excerpt":{"rendered":"<p>FOTO E V\u00cdDEO FOTO &#038; V\u00cdDEO Nossa equipe de especialistas em foto e v\u00eddeo est\u00e1 pronta para dar vida \u00e0 sua marca! Oferecemos servi\u00e7os abrangentes que incluem produ\u00e7\u00e3o de v\u00eddeos promocionais, fotografias de produtos, cobertura de eventos e muito mais. Com uma abordagem minimalista e foco na qualidade, garantimos que suas imagens se destaquem e [&hellip;]<\/p>\n","protected":false},"author":1,"featured_media":0,"parent":0,"menu_order":0,"comment_status":"closed","ping_status":"closed","template":"","meta":{"_monsterinsights_skip_tracking":false,"_monsterinsights_sitenote_active":false,"_monsterinsights_sitenote_note":"","_monsterinsights_sitenote_category":0,"footnotes":""},"aioseo_notices":[],"_links":{"self":[{"href":"https:\/\/yesmarketingesolucoes.com.br\/index.php\/wp-json\/wp\/v2\/pages\/39"}],"collection":[{"href":"https:\/\/yesmarketingesolucoes.com.br\/index.php\/wp-json\/wp\/v2\/pages"}],"about":[{"href":"https:\/\/yesmarketingesolucoes.com.br\/index.php\/wp-json\/wp\/v2\/types\/page"}],"author":[{"embeddable":true,"href":"https:\/\/yesmarketingesolucoes.com.br\/index.php\/wp-json\/wp\/v2\/users\/1"}],"replies":[{"embeddable":true,"href":"https:\/\/yesmarketingesolucoes.com.br\/index.php\/wp-json\/wp\/v2\/comments?post=39"}],"version-history":[{"count":4,"href":"https:\/\/yesmarketingesolucoes.com.br\/index.php\/wp-json\/wp\/v2\/pages\/39\/revisions"}],"predecessor-version":[{"id":398,"href":"https:\/\/yesmarketingesolucoes.com.br\/index.php\/wp-json\/wp\/v2\/pages\/39\/revisions\/398"}],"wp:attachment":[{"href":"https:\/\/yesmarketingesolucoes.com.br\/index.php\/wp-json\/wp\/v2\/media?parent=39"}],"curies":[{"name":"wp","href":"https:\/\/api.w.org\/{rel}","templated":true}]}}