{"id":45,"date":"2024-03-16T19:42:37","date_gmt":"2024-03-16T22:42:37","guid":{"rendered":"https:\/\/yesmarketingesolucoes.com.br\/?page_id=45"},"modified":"2024-03-19T17:58:36","modified_gmt":"2024-03-19T20:58:36","slug":"sac-terceirizado","status":"publish","type":"page","link":"https:\/\/yesmarketingesolucoes.com.br\/index.php\/sac-terceirizado\/","title":{"rendered":"SAC Terceirizado"},"content":{"rendered":"\t\t<div data-elementor-type=\"wp-page\" data-elementor-id=\"45\" class=\"elementor elementor-45\" data-elementor-post-type=\"page\">\n\t\t\t\t\t\t<section class=\"elementor-section elementor-top-section elementor-element elementor-element-539b2df4 elementor-section-height-min-height elementor-section-boxed elementor-section-height-default elementor-section-items-middle\" data-id=\"539b2df4\" data-element_type=\"section\" data-settings=\"{&quot;background_background&quot;:&quot;classic&quot;}\">\n\t\t\t\t\t\t\t<div class=\"elementor-background-overlay\"><\/div>\n\t\t\t\t\t\t\t<div class=\"elementor-container elementor-column-gap-default\">\n\t\t\t\t\t<div class=\"elementor-column elementor-col-100 elementor-top-column elementor-element elementor-element-78d0bb90\" data-id=\"78d0bb90\" data-element_type=\"column\">\n\t\t\t<div class=\"elementor-widget-wrap elementor-element-populated\">\n\t\t\t\t\t\t<div class=\"elementor-element elementor-element-4526d50f elementor-widget elementor-widget-heading\" data-id=\"4526d50f\" data-element_type=\"widget\" data-widget_type=\"heading.default\">\n\t\t\t\t<div class=\"elementor-widget-container\">\n\t\t\t<style>\/*! elementor - v3.20.0 - 13-03-2024 *\/\n.elementor-heading-title{padding:0;margin:0;line-height:1}.elementor-widget-heading .elementor-heading-title[class*=elementor-size-]>a{color:inherit;font-size:inherit;line-height:inherit}.elementor-widget-heading .elementor-heading-title.elementor-size-small{font-size:15px}.elementor-widget-heading .elementor-heading-title.elementor-size-medium{font-size:19px}.elementor-widget-heading .elementor-heading-title.elementor-size-large{font-size:29px}.elementor-widget-heading .elementor-heading-title.elementor-size-xl{font-size:39px}.elementor-widget-heading .elementor-heading-title.elementor-size-xxl{font-size:59px}<\/style><h2 class=\"elementor-heading-title elementor-size-default\">SAC TERCEIRIZADO<\/h2>\t\t<\/div>\n\t\t\t\t<\/div>\n\t\t\t\t\t<\/div>\n\t\t<\/div>\n\t\t\t\t\t<\/div>\n\t\t<\/section>\n\t\t\t\t<section class=\"elementor-section elementor-top-section elementor-element elementor-element-41abce26 elementor-reverse-tablet elementor-reverse-mobile elementor-section-boxed elementor-section-height-default elementor-section-height-default\" data-id=\"41abce26\" data-element_type=\"section\">\n\t\t\t\t\t\t<div class=\"elementor-container elementor-column-gap-default\">\n\t\t\t\t\t<div class=\"elementor-column elementor-col-100 elementor-top-column elementor-element elementor-element-39b3526d\" data-id=\"39b3526d\" data-element_type=\"column\">\n\t\t\t<div class=\"elementor-widget-wrap elementor-element-populated\">\n\t\t\t\t\t\t<div class=\"elementor-element elementor-element-a849b1d elementor-widget elementor-widget-heading\" data-id=\"a849b1d\" data-element_type=\"widget\" data-widget_type=\"heading.default\">\n\t\t\t\t<div class=\"elementor-widget-container\">\n\t\t\t<h2 class=\"elementor-heading-title elementor-size-default\">NOSSO SERVI\u00c7O<\/h2>\t\t<\/div>\n\t\t\t\t<\/div>\n\t\t\t\t<div class=\"elementor-element elementor-element-755daafe elementor-widget elementor-widget-heading\" data-id=\"755daafe\" data-element_type=\"widget\" data-widget_type=\"heading.default\">\n\t\t\t\t<div class=\"elementor-widget-container\">\n\t\t\t<h2 class=\"elementor-heading-title elementor-size-default\">DE SAC<\/h2>\t\t<\/div>\n\t\t\t\t<\/div>\n\t\t\t\t<div class=\"elementor-element elementor-element-476428ca elementor-widget elementor-widget-text-editor\" data-id=\"476428ca\" data-element_type=\"widget\" data-widget_type=\"text-editor.default\">\n\t\t\t\t<div class=\"elementor-widget-container\">\n\t\t\t<style>\/*! elementor - v3.20.0 - 13-03-2024 *\/\n.elementor-widget-text-editor.elementor-drop-cap-view-stacked .elementor-drop-cap{background-color:#69727d;color:#fff}.elementor-widget-text-editor.elementor-drop-cap-view-framed .elementor-drop-cap{color:#69727d;border:3px solid;background-color:transparent}.elementor-widget-text-editor:not(.elementor-drop-cap-view-default) .elementor-drop-cap{margin-top:8px}.elementor-widget-text-editor:not(.elementor-drop-cap-view-default) .elementor-drop-cap-letter{width:1em;height:1em}.elementor-widget-text-editor .elementor-drop-cap{float:left;text-align:center;line-height:1;font-size:50px}.elementor-widget-text-editor .elementor-drop-cap-letter{display:inline-block}<\/style>\t\t\t\t<p>Na YES, entendemos que o relacionamento com o cliente n\u00e3o termina ap\u00f3s a venda, e \u00e9 por isso que oferecemos servi\u00e7os de SAC (Servi\u00e7o de Atendimento ao Cliente) terceirizado para garantir que sua empresa proporcione uma experi\u00eancia excepcional do in\u00edcio ao fim.<\/p><p><strong>A Import\u00e2ncia do P\u00f3s-Venda e Acompanhamento de Qualidade:<\/strong><\/p><p>Um servi\u00e7o de p\u00f3s-venda eficiente e um acompanhamento de qualidade s\u00e3o fundamentais para manter a satisfa\u00e7\u00e3o e fidelidade do cliente. \u00c9 durante essa fase que o cliente pode ter d\u00favidas, enfrentar problemas ou simplesmente precisar de suporte adicional. Um SAC terceirizado bem gerenciado assegura que cada intera\u00e7\u00e3o com o cliente seja tratada com profissionalismo, empatia e efici\u00eancia, fortalecendo assim o v\u00ednculo entre sua empresa e seus clientes.<\/p><p><strong>Por que Contratar a YES:<\/strong><\/p><ol><li><p><strong>Experi\u00eancia Comprovada:<\/strong> Com anos de experi\u00eancia no setor, a YES \u00e9 especialista em fornecer servi\u00e7os de SAC terceirizado de alta qualidade para empresas de todos os tamanhos e setores.<\/p><\/li><li><p><strong>Profissionalismo e Empatia:<\/strong> Nossa equipe \u00e9 treinada para oferecer um atendimento ao cliente excepcional, garantindo que cada intera\u00e7\u00e3o seja tratada com profissionalismo, empatia e respeito.<\/p><\/li><li><p><strong>Tecnologia Avan\u00e7ada:<\/strong> Utilizamos as mais recentes tecnologias de CRM (Customer Relationship Management) para garantir que todas as intera\u00e7\u00f5es com os clientes sejam registradas e gerenciadas de forma eficiente, permitindo um acompanhamento preciso e personalizado.<\/p><\/li><li><p><strong>Flexibilidade e Personaliza\u00e7\u00e3o:<\/strong> Entendemos que cada empresa tem necessidades \u00fanicas. Por isso, trabalhamos em estreita colabora\u00e7\u00e3o com nossos clientes para desenvolver solu\u00e7\u00f5es personalizadas que atendam \u00e0s suas necessidades espec\u00edficas.<\/p><\/li><\/ol><p><strong>Entre em contato conosco hoje mesmo e descubra como nosso servi\u00e7o de SAC terceirizado pode elevar o n\u00edvel do atendimento ao cliente em sua empresa e impulsionar o seu sucesso!<\/strong><\/p>\t\t\t\t\t\t<\/div>\n\t\t\t\t<\/div>\n\t\t\t\t<div class=\"elementor-element elementor-element-8baad8a elementor-widget elementor-widget-button\" data-id=\"8baad8a\" data-element_type=\"widget\" data-widget_type=\"button.default\">\n\t\t\t\t<div class=\"elementor-widget-container\">\n\t\t\t\t\t<div class=\"elementor-button-wrapper\">\n\t\t\t<a class=\"elementor-button elementor-button-link elementor-size-sm\" href=\"#\">\n\t\t\t\t\t\t<span class=\"elementor-button-content-wrapper\">\n\t\t\t\t\t\t<span class=\"elementor-button-text\">Quero Saber Mais!<\/span>\n\t\t<\/span>\n\t\t\t\t\t<\/a>\n\t\t<\/div>\n\t\t\t\t<\/div>\n\t\t\t\t<\/div>\n\t\t\t\t\t<\/div>\n\t\t<\/div>\n\t\t\t\t\t<\/div>\n\t\t<\/section>\n\t\t\t\t<\/div>\n\t\t","protected":false},"excerpt":{"rendered":"<p>SAC TERCEIRIZADO NOSSO SERVI\u00c7O DE SAC Na YES, entendemos que o relacionamento com o cliente n\u00e3o termina ap\u00f3s a venda, e \u00e9 por isso que oferecemos servi\u00e7os de SAC (Servi\u00e7o de Atendimento ao Cliente) terceirizado para garantir que sua empresa proporcione uma experi\u00eancia excepcional do in\u00edcio ao fim. A Import\u00e2ncia do P\u00f3s-Venda e Acompanhamento de [&hellip;]<\/p>\n","protected":false},"author":1,"featured_media":0,"parent":0,"menu_order":0,"comment_status":"closed","ping_status":"closed","template":"","meta":{"_monsterinsights_skip_tracking":false,"_monsterinsights_sitenote_active":false,"_monsterinsights_sitenote_note":"","_monsterinsights_sitenote_category":0,"footnotes":""},"aioseo_notices":[],"_links":{"self":[{"href":"https:\/\/yesmarketingesolucoes.com.br\/index.php\/wp-json\/wp\/v2\/pages\/45"}],"collection":[{"href":"https:\/\/yesmarketingesolucoes.com.br\/index.php\/wp-json\/wp\/v2\/pages"}],"about":[{"href":"https:\/\/yesmarketingesolucoes.com.br\/index.php\/wp-json\/wp\/v2\/types\/page"}],"author":[{"embeddable":true,"href":"https:\/\/yesmarketingesolucoes.com.br\/index.php\/wp-json\/wp\/v2\/users\/1"}],"replies":[{"embeddable":true,"href":"https:\/\/yesmarketingesolucoes.com.br\/index.php\/wp-json\/wp\/v2\/comments?post=45"}],"version-history":[{"count":7,"href":"https:\/\/yesmarketingesolucoes.com.br\/index.php\/wp-json\/wp\/v2\/pages\/45\/revisions"}],"predecessor-version":[{"id":348,"href":"https:\/\/yesmarketingesolucoes.com.br\/index.php\/wp-json\/wp\/v2\/pages\/45\/revisions\/348"}],"wp:attachment":[{"href":"https:\/\/yesmarketingesolucoes.com.br\/index.php\/wp-json\/wp\/v2\/media?parent=45"}],"curies":[{"name":"wp","href":"https:\/\/api.w.org\/{rel}","templated":true}]}}